15.
4
What is the remainder when 187 is divided by 127?
60
What is the remainder when 448 is divided by 9?
7
What is the remainder when 500 is divided by 54?
14
What is the remainder when 56 is divided by 15?
11
Calculate the remainder when 270 is divided by 63.
18
Calculate the remainder when 195 is divided by 67.
61
Calculate the remainder when 176 is divided by 67.
42
Calculate the remainder when 196 is divided by 107.
89
Calculate the remainder when 4614 is divided by 70.
64
Calculate the remainder when 119 is divided by 86.
33
Calculate the remainder when 2897 is divided by 74.
11
Calculate the remainder when 793 is divided by 38.
33
What is the remainder when 1883 is divided by 8?
3
Calculate the remainder when 42 is divided by 35.
7
What is the remainder when 65 is divided by 17?
14
What is the remainder when 144 is divided by 25?
19
What is the remainder when 474 is divided by 17?
15
What is the remainder when 349 is divided by 71?
65
Calculate the remainder when 344 is divided by 164.
16
What is the remainder when 785 is divided by 722?
63
What is the remainder when 695 is divided by 242?
211
Calculate the remainder when 79 is divided by 44.
35
What is the remainder when 108 is divided by 62?
46
What is the remainder when 227 is divided by 35?
17
Calculate the remainder when 387 is divided by 78.
75
What is the remainder when 243 is divided by 35?
33
What is the remainder when 114 is divided by 41?
32
Calculate the remainder when 827 is divided by 109.
64
Calculate the remainder when 839 is divided by 622.
217
What is the remainder when 654 is divided by 416?
238
What is the remainder when 3312 is divided by 54?
18
Calculate the remainder when 109 is divided by 61.
48
What is the remainder when 261 is divided by 44?
41
Calculate the remainder when 23 is divided by 7.
2
What is the remainder when 814 is divided by 43?
40
Calculate the remainder when 90 is divided by 9.
0
Calculate the remainder when 2272 is divided by 25.
22
Calculate the remainder when 12 is divided by 11.
1
What is the remainder when 108 is divided by 31?
15
Calculate the remainder when 826 is divided by 6.
4
What is the remainder when 173 is divided by 88?
85
Calculate the remainder when 161 is divided by 18.
17
Calculate the remainder when 67 is divided by 31.
5
What is the remainder when 337 is divided by 115?
107
Calculate the remainder when 224 is divided by 122.
102
Calculate the remainder when 143 is divided by 3.
2
What is the remainder when 18934 is divided by 34?
30
Calculate the remainder when 342 is divided by 112.
6
Calculate the remainder when 25 is divided by 4.
1
Calculate the remainder when 407 is divided by 5.
2
Calculate the remainder when 411 is divided by 113.
72
Calculate the remainder when 10872 is divided by 87.
84
What is the remainder when 226 is divided by 57?
55
What is the remainder when 115 is divided by 59?
56
What is the remainder when 158 is divided by 51?
5
Calculate the remainder when 79 is divided by 36.
7
What is the remainder when 209 is divided by 35?
34
Calculate the remainder when 406 is divided by 68.
66
What is the remainder when 415 is divided by 38?
35
What is the remainder when 116 is divided by 17?
14
Calculate the remainder when 2456 is divided by 1227.
2
Calculate the remainder when 676 is divided by 313.
50
What is the remainder when 44 is divided by 23?
21
What is the remainder when 284 is divided by 144?
140
Calculate the remainder when 234 is divided by 130.
104
What is the remainder when 5598 is divided by 100?
98
What is the remainder when 327 is divided by 80?
7
Calculate the remainder when 266 is divided by 76.
38
What is the remainder when 2215 is divided by 28?
3
What is the remainder when 291 is divided by 49?
46
What is the remainder when 306 is divided by 59?
11
Calculate the remainder when 213 is divided by 142.
71
What is the remainder when 178 is divided by 20?
18
Calculate the remainder when 1159 is divided by 107.
89
What is the remainder when 1423 is divided by 356?
355
What is the remainder when 8445 is divided by 32?
29
Calculate the remainder when 34286 is divided by 54.
50
What is the remainder when 205 is divided by 44?
29
Calculate the remainder when 59 is divided by 5.
4
Calculate the remainder when 307 is divided by 22.
21
What is the remainder when 580 is divided by 91?
34
What is the remainder when 228 is divided by 7?
4
What is the remainder when 513 is divided by 86?
83
Calculate the remainder when 1151 is divided by 96.
95
Calculate the remainder when 3407 is divided by 22.
19
What is the remainder when 202 is divided by 34?
32
What is the remainder when 1095 is divided by 29?
22
Calculate the remainder when 421 is divided by 53.
50
What is the remainder when 455 is divided by 17?
13
Calculate the remainder when 647 is divided by 50.
47
Calculate the remainder when 123 is divided by 23.
8
Calculate the remainder when 154 is divided by 8.
2
Calculate the remainder when 192 is divided by 188.
4
Calculate the remainder when 181 is divided by 42.
13
What is the remainder when 644 is divided by 307?
30
Calculate the remainder when 5 is divided by 2.
1
What is the remainder when 669 is divided by 88?
53
What is the remainder when 96 is divided by 20?
16
What is the remainder when 88 is divided by 9?
7
What is the remainder when 366 is divided by 6?
0
Calculate the remainder when 1511 is divided by 126.
125
What is the remainder when 712 is divided by 272?
168
Calculate the remainder when 347 is divided by 112.
11
What is the remainder when 86 is divided by 22?
20
Calculate the remainder when 774 is divided by 31.
30
Calculate the remainder when 166 is divided by 28.
26
What is the remainder when 72 is divided by 5?
2
Calculate the remainder when 27 is divided by 27.
0
Calculate the remainder when 114 is divided by 52.
10
What is the remainder when 256 is divided by 26?
22
What is the remainder when 497 is divided by 25?
22
What is the remainder when 60 is divided by 25?
10
What is the remainder when 7446 is divided by 7?
5
What is the remainder when 15836 is divided by 180?
176
What is the remainder when 146 is divided by 57?
32
Calculate the remainder when 145 is divided by 63.
19
Calculate the remainder when 57 is divided by 13.
5
Calculate the remainder when 288 is divided by 288.
0
Calculate the remainder when 1102 is divided by 79.
75
Calculate the remainder when 262 is divided by 12.
10
Calculate the remainder when 7540 is divided by 154.
148
What is the remainder when 81 is divided by 7?
4
What is the remainder when 42 is divided by 37?
5
Calculate the remainder when 75 is divided by 19.
18
What is the remainder when 708 is divided by 105?
78
What is the remainder when 285 is divided by 41?
39
Calculate the remainder when 954 is divided by 15.
9
Calculate the remainder when 506 is divided by 54.
20
What is the remainder when 160 is divided by 129?
31
What is the remainder when 2802 is divided by 11?
8
Calculate the remainder when 211 is divided by 11.
2
Calculate the remainder when 1014 is divided by 18.
6
What is the remainder when 841 is divided by 171?
157
Calculate the remainder when 51 is divided by 13.
12
Calculate the remainder when 870 is divided by 13.
12
Calculate the remainder when 77 is divided by 39.
38
Calculate the remainder when 136 is divided by 68.
0
What is the remainder when 1942 is divided by 108?
106
What is the remainder when 392 is divided by 20?
12
What is the remainder when 1667 is divided by 44?
39
Calculate the remainder when 23 is divided by 8.
7
What is the remainder when 352 is divided by 75?
52
Calculate the remainder when 59 is divided by 9.
5
What is the remainder when 3648 is divided by 99?
84
What is the remainder when 584 is divided by 75?
59
Calculate the remainder when 754 is divided by 14.
12
What is the remainder when 147 is divided by 46?
9
Calculate the remainder when 803 is divided by 257.
32
What is the remainder when 560 is divided by 72?
56
What is the remainder when 292 is divided by 69?
16
What is the remainder when 10292 is divided by 72?
68
What is the remainder when 13 is divided by 12?
1
Calculate the remainder when 750 is divided by 6.
0
Calculate the remainder when 207 is divided by 70.
67
What is the remainder when 39 is divid